(base 8) to base 6
1555
-1011010101 (base 2) to base 9
-885
What is 97a (base 12) in base 16?
56e
What is 234435 (base 6) in base 2?
100111111110111
Convert 10011200020 (base 3) to base 13.
22575
Convert 213 (base 9) to base 3.
20110
-62543 (base 7) to base 3
-210002012
10000101001100 (base 2) to base 15
27d4
-1332 (base 7) to base 3
-201000
What is bd6 (base 15) in base 4?
221310
What is -5502 (base 8) in base 16?
-b42
What is aa (base 12) in base 4?
2002
-3234 (base 6) to base 7
-2110
What is -2aa (base 12) in base 6?
-1534
1430224 (base 5) to base 3
1112020111
What is -3721 (base 14) in base 9?
-14183
Convert -2665 (base 8) to base 14.
-765
Convert -18 (base 11) to base 9.
-21
-138c7 (base 13) to base 6
-441431
Convert -1010001001011 (base 2) to base 12.
-300b
What is -c44 (base 15) in base 7?
-11026
Convert -111202 (base 3) to base 12.
-26b
15aa4 (base 11) to base 5
1210440
Convert -156036 (base 8) to base 6.
-1112514
Convert -1042 (base 10) to base 3.
-1102121
141 (base 15) to base 6
1154
922e (base 16) to base 3
1220100000
12211 (base 6) to base 13
a90
Convert 5338 (base 12) to base 13.
41c3
What is -8180 (base 11) in base 10?
-10857
-bc1 (base 14) to base 12
-1419
Convert 7a1 (base 11) to base 13.
589
-765 (base 8) to base 6
-2153
35b (base 14) to base 10
669
What is -1676 (base 8) in base 6?
-4234
What is -1002102 (base 3) in base 16?
-31a
-7578 (base 12) to base 6
-135432
-25470 (base 10) to base 4
-12031332
Convert -11012013 (base 4) to base 8.
-50607
Convert 2000111 (base 3) to base 6.
10451
Convert 117 (base 11) to base 4.
2023
Convert -15a25 (base 11) to base 7.
-122460
Convert 573 (base 10) to base 6.
2353
What is 5fc8 (base 16) in base 7?
131326
Convert -2140133 (base 5) to base 4.
-21000312
What is 1370 (base 8) in base 5?
11020
Convert 21120 (base 3) to base 13.
129
-10113 (base 4) to base 3
-101100
Convert -324 (base 5) to base 16.
-59
What is -16041 (base 12) in base 3?
-1120201211
-1b1a (base 12) to base 16
-d06
What is 4a0 (base 13) in base 2?
1100100110
What is -30199 (base 12) in base 4?
-33100011
Convert -100111101011 (base 2) to base 15.
-b44
-5136 (base 10) to base 2
-1010000010000
Convert -1112302 (base 4) to base 12.
-326a
Convert -391 (base 10) to base 16.
-187
What is -605 (base 9) in base 16?
-1eb
Convert -111000100100111 (base 2) to base 11.
-1a844
Convert 1000101101 (base 2) to base 8.
1055
Convert -604 (base 7) to base 13.
-19c
What is 870 (base 9) in base 6?
3143
-15442 (base 10) to base 3
-210011221
What is 28a (base 13) in base 9?
552
What is 26522 (base 9) in base 15?
549b
-224345 (base 6) to base 12
-b0b5
-6764 (base 8) to base 10
-3572
201011022 (base 3) to base 4
3122033
What is -776 (base 9) in base 3?
-212120
-2605 (base 9) to base 5
-30244
-acb (base 13) to base 15
-83c
What is 69160 (base 10) in base 4?
100320220
What is -105 (base 11) in base 8?
-176
Convert -100101111 (base 2) to base 8.
-457
-18 (base 14) to base 11
-20
Convert -1010101000110 (base 2) to base 13.
-262c
Convert -1516 (base 7) to base 8.
-1131
Convert 15 (base 7) to base 8.
14
Convert -83f (base 16) to base 10.
-2111
What is 10041 (base 5) in base 8?
1206
What is -1101111010 (base 2) in base 10?
-890
-122010 (base 3) to base 4
-13032
Convert 2242 (base 5) to base 16.
142
-55453 (base 9) to base 7
-212232
Convert 525154 (base 6) to base 5.
2330442
Convert 325d (base 16) to base 12.
7565
What is -1dd (base 16) in base 12?
-339
Convert 2301 (base 5) to base 12.
232
What is -14153 (base 6) in base 5?
-32404
Convert -1be (base 15) to base 7.
-1115
Convert 503 (base 6) to base 12.
133
Convert 303244 (base 5) to base 13.
4619
Convert -13133 (base 5) to base 4.
-100103
Convert -20130000 (base 4) to base 16.
-8700
-801 (base 14) to base 13
-939
Convert 15567 (base 10) to base 6.
200023
Convert 358 (base 11) to base 14.
226
-10110001011 (base 2) to base 8
-2613
Convert -5473 (base 8) to base 11.
-2184
-15786 (base 9) to base 8
-25143
Convert 24955 (base 10) to base 16.
617b
Convert -141d (base 15) to base 10.
-4303
Convert 11006 (base 7) to base 14.
1006
What is 292 (base 10) in base 5?
2132
Convert 28c (base 16) to base 5.
10102
What is 321 (base 5) in base 13?
68
What is -2ca2 (base 13) in base 16?
-199a
What is 2b4 (base 13) in base 16?
1e5
What is -1001011001011 (base 2) in base 16?
-12cb
-6641 (base 7) to base 3
-10021012
What is -4706 (base 8) in base 9?
-3380
Convert 11952 (base 13) to base 2.
111111001011010
Convert 1454 (base 12) to base 5.
33433
490 (base 12) to base 9
840
Convert 153 (base 9) to base 16.
81
-50a (base 13) to base 3
-1011200
What is -1e5 (base 16) in base 3?
-122222
What is 1153 (base 6) in base 15?
140
What is -51 (base 14) in base 5?
-241
-25d92 (base 14) to base 3
-11201212220
Convert -100012110 (base 3) to base 13.
-3090
Convert 1030200 (base 5) to base 13.
7cb0
1111011011101 (base 2) to base 14
2c45
Convert -5284 (base 13) to base 5.
-331211
What is -1399 (base 13) in base 7?
-11152
Convert 123301 (base 4) to base 3.
2102211
Convert -2b6 (base 16) to base 12.
-49a
6c1 (base 13) to base 7
3262
-184 (base 14) to base 7
-624
Convert -1033 (base 8) to base 6.
-2255
-130 (base 13) to base 16
-d0
What is 60356 (base 8) in base 9?
37031
10000100 (base 2) to base 3
11220
1372 (base 16) to base 12
2a6a
What is 244 (base 12) in base 5?
2330
What is 41b2 (base 14) in base 13?
5205
321 (base 5) to base 7
152
Convert 122021020 (base 3) to base 16.
312c
What is -6472 (base 10) in base 6?
-45544
What is -112211 (base 3) in base 14?
-208
What is 53556 (base 8) in base 4?
11131232
-7774 (base 9) to base 11
-4346
Convert -184a (base 14) to base 7.
-15523
Convert 12442 (base 9) to base 10.
8381
Convert -7d67 (base 16) to base 6.
-404343
-3b1 (base 13) to base 8
-1213
Convert 565f (base 16) to base 13.
a0ab
Convert 51433 (base 6) to base 11.
5178
-77b6 (base 13) to base 12
-9807
Convert -41334 (base 5) to base 14.
-dc3
What is 142 (base 16) in base 8?
502
Convert 31031021 (base 4) to base 11.
37702
268 (base 12) to base 13
224
What is 10750 (base 15) in base 4?
30300303
-47510 (base 8) to base 5
-1122141
What is -131312 (base 4) in base 13?
-b3c
1221 (base 8) to base 5
10112
5e0 (base 15) to base 4
110313
What is -34b2 (base 12) in base 16?
-1706
What is 4744 (base 8) in base 12?
1570
-757 (base 9) to base 7
-1543
-1000100001101001 (base 2) to base 14
-ca25
-111010001 (base 2) to base 6
-2053
What is -3347 (base 9) in base 7?
-10132
210020001 (base 3) to base 9
23201
Convert 250 (base 10) to base 7.
505
144232 (base 5) to base 13
2a84
What is -5757 (base 8) in base 12?
-1927
Convert -136a1 (base 12) to base 16.
-6919
Convert 2cab (base 13) to base 7.
25064
-43 (base 15) to base 11
-58
1327 (base 8) to base 15
337
Convert 6666 (base 13) to base 7.
56430
Convert -10812 (base 13) to base 11.
-20538
Convert -5259 (base 12) to base 11.
-683a
Convert b6da (base 15) to base 4.
21130120
2da (base 16) to base 2
1011011010
What is 210011201 (base 3) in base 9?
23151
What is -420411 (base 5) in base 8?
-33040
7897 (base 15) to base 7
134353
What is -1110000110100 (base 2) in base 16?
-1c34
What is 208 (base 11) in base 9?
307
Convert 52 (base 12) to base 2.
111110
Convert -1170 (base 8) to base 15.
-2c2
What is 1001000111 (base 2) in base 6?
2411
What is 5cb (base 16) in base 14?
77d
What is 101111001 (base 2) in base 7?
1046
Convert -1001001222 (base 3) to base 10.
-20465
What is 143 (base 11) in base 7?
330
What is -125432 (base 6) in base 7?
-45566
Convert -20212112 (base 3) to base 12.
-2a95
20100210 (base 3) to base 9
6323
What is -388 (base 12) in base 15?
-25b
Convert 1223 (base 13) to base 2.
101000000100
What is -1209 (base 11) in base 9?
-2147
Convert 301020 (base 4) to base 5.
100034
-1196 (base 10) to base 9
-1568
What is -1344 (base 13) in base 9?
-3706
Convert 2035 (base 11) to base 10.
2700
-3276 (base 11) to base 10
-4318
What is -31022 (base 6) in base 8?
-10026
What is -297 (base 15) in base 3?
-210221
What is 1003042 (base 5) in base 8?
37226
25dd (base 16) to base 7
40155
Convert -8866 (base 14) to base 8.
-56072
Convert -10001 (base 2) to base 12.
-15
b2 (base 12) to base 4
2012
What is b5c (base 16) in base 10?
2908
Convert -cc1d (base 15) to base 14.
-11a7a
Convert -325 (base 8) to base 13.
-135
What is -1073 (ba